-15
Let v(z) = 13*z**3 + 6*z**2 + 74*z - 163. Calculate v(2).
113
Let v(o) = -o**3 - 99*o**2 + 199*o - 626. Give v(-101).
-323
Let i(g) = 345*g - 32971. Determine i(95).
-196
Let b(g) = -466*g + 26914. Determine b(58).
-114
Let j(o) = 4324*o + 8527. Give j(-2).
-121
Let t(d) = 40847*d - 735233. What is t(18)?
13
Let u(t) = 4*t**3 + 319*t**2 + 52*t + 10608. What is u(-80)?
48
Let b(i) = 2*i**3 - 312*i**2 - 2621*i + 12. Determine b(-8).
-12
Let t(y) = 34*y + 1623. What is t(-35)?
433
Let a(y) = -y**3 - 103*y**2 + 3512*y + 413. Calculate a(-130).
153
Let l(h) = -65037*h - 585333. Determine l(-9).
0
Let j(a) = 106*a**2 - 48*a - 68. What is j(-3)?
1030
Let w(m) = -113*m**2 - 3636*m + 3010. Calculate w(-33).
-59
Let w(a) = 3898*a + 132549. Calculate w(-34).
17
Let v(a) = -10*a**2 + 52*a + 1910. Determine v(-11).
128
Let q(g) = 377913*g + 755822. What is q(-2)?
-4
Let a(n) = 6*n**2 - 452*n + 3133. Determine a(8).
-99
Let s(w) = 1489*w - 23327. What is s(15)?
-992
Let i(z) = -z**3 + 206*z**2 - 1086*z + 16243. What is i(201)?
-38
Let f(r) = -73503*r - 514489. What is f(-7)?
32
Let c(k) = -8*k**2 + 114*k + 1300. Calculate c(22).
-64
Let s(k) = -k**3 - 42*k**2 + 337*k + 252. Give s(-49).
546
Let i(v) = 25*v - 345. Give i(34).
505
Let r(q) = -3*q**3 - 90*q**2 - 616*q - 2946. Determine r(-23).
113
Let g(t) = 3324*t + 5345. Give g(-2).
-1303
Let s(d) = 23*d**2 - 11309*d + 11308. Determine s(1).
22
Let r(u) = 54*u**2 - 14*u + 134. Calculate r(6).
1994
Let x(g) = 2*g**2 + 1326*g - 14783. Give x(11).
45
Let c(o) = -2*o**2 + 1133*o - 119981. Give c(141).
10
Let w(c) = -418523*c - 3766672. Give w(-9).
35
Let t(n) = 2*n**2 - 1971*n + 472900. Give t(571).
-459
Let g(z) = -z**3 + 50*z**2 - 610*z - 246. Determine g(23).
7
Let b(a) = -3*a**3 + 316*a**2 + 144*a + 7046. What is b(106)?
-162
Let k(j) = -j**3 + 6*j**2 + 61*j - 389. Calculate k(9).
-83
Let c(m) = -101118*m + 1213420. Calculate c(12).
4
Let c(f) = -f**3 + 44*f**2 - 50*f - 13. Determine c(43).
-314
Let o(l) = -l**3 + 3171*l**2 + 12699*l - 23. What is o(-4)?
-19
Let a(u) = 17889*u + 2110922. Determine a(-118).
20
Let h(g) = -8*g**3 - 1344*g**2 + 26*g + 4960. Determine h(-168).
592
Let j(v) = -15970*v + 6052617. Give j(379).
-13
Let g(u) = -u**2 + 30313*u - 3021295. Give g(100).
5
Let p(k) = -247894*k - 4462102. What is p(-18)?
-10
Let h(b) = 57*b**2 - 70*b + 227. Calculate h(8).
3315
Let f(k) = k**3 + 103*k**2 + 2627*k + 14. What is f(-56)?
294
Let t(d) = 520*d + 18680. What is t(-36)?
-40
Let y(j) = -248*j + 41180. Determine y(166).
12
Let u(z) = 4*z**3 - 213*z**2 + 259*z + 58. What is u(52)?
6
Let o(v) = -89*v + 4722. What is o(53)?
5
Let d(l) = -749*l + 733273. Calculate d(979).
2
Let u(x) = x**3 + 51*x**2 + 29*x + 225. What is u(-51)?
-1254
Let r(m) = 9505*m - 57222. Determine r(6).
-192
Let u(b) = 3260*b + 3466. Give u(0).
3466
Let w(z) = z**3 - 17*z**2 - 2488*z + 27. Determine w(-42).
447
Let t(m) = 1553*m + 90050. Determine t(-58).
-24
Let r(h) = h**3 + 74*h**2 - 1555*h - 671. Calculate r(-91).
57
Let b(z) = -32*z**3 - 1212*z**2 + 197*z + 34. Calculate b(-38).
-1676
Let l(z) = 2*z**3 + 347*z**2 - 2628*z - 368029. Determine l(-175).
-4
Let i(l) = 2*l**2 - 86*l + 964. Determine i(22).
40
Let d(i) = -2*i**2 - 1959*i - 454031. Calculate d(-603).
28
Let v(f) = -10*f**2 + 2178*f + 25164. Calculate v(-11).
-4
Let b(p) = -22*p**2 + 755*p + 543. Give b(35).
18
Let m(q) = q**2 - 264*q - 14239. Determine m(-46).
21
Let t(d) = 871*d + 10627. Give t(-14).
-1567
Let l(d) = -3*d**2 + 103*d + 746. Give l(-8).
-270
Let z(p) = 613*p + 4802. Give z(-9).
-715
Let l(f) = 81*f + 168. Calculate l(2).
330
Let g(s) = 3169*s - 963376. Give g(304).
0
Let d(h) = -2*h**3 + 346*h**2 + 296*h + 8136. What is d(174)?
-912
Let g(o) = 25*o**2 - 44*o - 141. Determine g(-5).
704
Let s(b) = 4*b**2 - 447*b - 6679. Give s(-15).
926
Let b(j) = -j**3 + 202*j**2 - 4836*j - 53050. Determine b(38).
-2
Let n(k) = -13*k**3 - 87*k**2 - 60*k + 90. Determine n(-9).
3060
Let a(p) = -3*p**2 + 97*p + 18. What is a(18)?
792
Let g(z) = 14999*z + 989945. Calculate g(-66).
11
Let v(q) = 54*q + 5012. Determine v(-101).
-442
Let t(d) = 1209*d - 26028. Calculate t(22).
570
Let u(c) = 19*c**3 - 36*c**2 - 67*c + 139. Calculate u(2).
13
Let k(q) = -285*q**2 + 1483*q - 318. Determine k(5).
-28
Let a(x) = -416*x - 108540. What is a(-261)?
36
Let h(l) = -17*l**2 - 1767*l + 91691. Give h(38).
-3
Let h(z) = 15022*z + 961422. Give h(-64).
14
Let t(b) = 7314*b - 7277436. Give t(995).
-6
Let b(p) = 19*p**3 - 252*p**2 + 27*p + 74. Calculate b(13).
-420
Let q(i) = -221*i - 1888. Calculate q(-8).
-120
Let z(b) = -1352*b + 103881. Calculate z(77).
-223
Let t(m) = -401358*m - 2006808. Determine t(-5).
-18
Let o(d) = 12*d**2 + 7432*d + 2495. Give o(-619).
19
Let b(z) = -3*z**3 - 505*z**2 - 2607*z + 166. Give b(-163).
3
Let v(k) = 799*k + 1343. What is v(-3)?
-1054
Let i(l) = 118*l - 28555. Give i(212).
-3539
Let p(z) = 4*z**2 - 990*z + 14886. Calculate p(15).
936
Let j(o) = -420*o - 44990. Calculate j(-107).
-50
Let g(x) = 63*x**2 - 2953*x - 32. Give g(47).
344
Let p(l) = -201*l - 1184. What is p(-7)?
223
Let i(y) = -72*y - 298. Calculate i(-5).
62
Let b(n) = -9*n**3 - 3006*n**2 + 5*n + 1866. Calculate b(-334).
196
Let k(j) = 2*j**2 + 94*j - 24319. Give k(-135).
-559
Let c(a) = -10*a**2 + 1059*a + 4179. Calculate c(-4).
-217
Let f(z) = z**3 + 9*z**2 - 1476*z + 9548. What is f(7)?
0
Let w(f) = -4*f**2 + 141*f + 993. Give w(-6).
3
Let l(c) = -c**3 + 17*c**2 + 414*c - 54. Determine l(-15).
936
Let v(r) = 2*r**3 + 6*r**2 - 22*r - 4. What is v(-6)?
-88
Let c(b) = 29*b**3 + 2209*b**2 + 2549*b - 31. What is c(-75)?
44
Let d(c) = 4*c**2 - 651*c - 22490. Give d(192).
-26
Let y(a) = 401*a + 16465. Give y(-41).
24
Let a(h) = 240*h + 84073. What is a(-356)?
-1367
Let s(i) = -i**2 + 364*i + 229. What is s(0)?
229
Let i(w) = 654*w**2 + 366896*w + 1257. Give i(-561).
135
Let x(p) = 508941*p - 12214583. Give x(24).
1
Let g(z) = z**2 + 447*z - 7312. Determine g(16).
96
Let c(s) = s**2 + 2170409*s - 26045044. Determine c(12).
8
Let p(m) = 2*m**3 + 333*m**2 - 143*m + 4229. What is p(-167)?
221
Let u(w) = -w**3 - 55*w**2 + 53*w - 158. Calculate u(-56).
10
Let r(w) = -9*w**2 + 1360*w + 8480. What is r(-6)?
-4
Let k(o) = 3*o**2 + 7245*o - 146119. Calculate k(20).
-19
Let t(p) = -16*p**2 + 3702*p + 15061. Calculate t(-4).
-3
Let m(i) = 81*i**2 + 1341*i - 6702. What is m(4)?
-42
Let z(o) = -o**3 + 24*o**2 - 26776*o + 670048. What is z(25)?
23
Let o(z) = -4*z**2 + 48*z + 33746. What is o(98)?
34
Let u(p) = -377*p + 260. Determine u(-3).
1391
Let i(v) = v**3 - 31*v**2 + 30*v - 158. Calculate i(31).
772
Let p(b) = -b**2 - 2971*b - 231285. Calculate p(-80).
-5
Let d(f) = -4059*f - 24606. Give d(-6).
-252
Let g(n) = 22*n**3 + 19*n**2 - 46*n + 25. Determine g(3).
652
Let j(v) = -12324*v + 3278188. Calculate j(266).
4
Let n(z) = -1517*z**3 + 4*z**2 - 188*z - 190. Give n(-1).
1519
Let i(k) = k**3 - 149*k**2 - 5580*k + 63. What is i(180)?
63
Let a(o) = o**3 + 11*o**2 + 303*o + 4625. What is a(-16)?
-1503
Let n(u) = u**3 - 137*u**2 + 108*u + 2856. Calculate n(136).
-952
Let k(n) = -n**3 + 102*n**2 - 2308*n - 11729. What is k(61)?
44
Let u(q) = 3870*q + 549648. Determine u(-142).
108
Let c(u) = -5*u**2 - 177*u + 7587. Determine c(25).
37
Let f(o) = 4*o**3 - 1450*o**2 - 754*o + 10179. What is f(363)?
15
Let a(l) = -l**2 + 159*l + 2998. Give a(-17).
6
Let z(d) = -108921*d - 217883. Give z(-2).
-41
Let t(k) = 2*k**2 + 1303*k - 250003. What is t(155)?
12
Let h(y) = y**3 + 30*y**2 - 107*y + 80. Determine h(5).
420
Let n(m) = -m**3 - 145*m**2 + 916*m + 1250. Determine n(-151).
-260
Let y(h) = 2*h**3 + 426*h**2 - 7*h - 19. Determine y(0).
-19
Let z(l) = -l**3 - 8*l**2 - 385*l - 753. Calculate z(-2).
-7
Let c(a) = -20*a**2 + 1235*a - 524. Calculate c(62).
-834
Let w(l) = -16*l**3 + 370*l**2 + 2190*l - 160. Calculate w(28).
8
Let j(m) = 6*m**2 - 3066*m - 3089. Give j(-1).
-17
Let a(l) = 369*l - 33952. Calculate a(94).
734
Let s(y) = y**3 + 49*y**2 - 108*y - 275. What is s(-51)?
31
Let k(c) = 14*c**2 - 1165*c - 2332. Calculate k(-2).
54
Let u(z) = z**3 + 58*z**2 - 50*z - 235. What is u(-59)?
-766
Let w(h) = 7*h**2 + 32426*h - 226966. Give w(7).
359
Let t(p) = 3*p**2 - 1579*p + 51589. What is t(35)?
-1
Let u(n) = 99*